8 - -7))?
-11
What is the value of (21 - (0 + 15)) + 2 + 0?
8
Calculate (-22 + 13 - -11) + 12.
14
What is the value of (11 - (6 - 4)) + -16 + 15?
8
What is 8 - (-5 + 9) - (10 + -2)?
-4
Evaluate 1 + -9 + (-6 - (-8 - 1 - 6)).
1
Calculate 29 + (-5 - (-1 + 8)).
17
(7 - 12) + 1 - (-1 - -2) - -14
9
(2 - (2 + 3) - -5) + -5 + 2
-1
What is 7 - ((2 - -8) + -16)?
13
Evaluate 9 - (15 + 1) - 9.
-16
What is -11 + 0 - (2 + -6) - -4?
-3
What is the value of (13 - 11) + (-2 + 1 - 3) + -1?
-3
(37 - 32 - -31) + -11
25
Calculate -36 + 40 + 32 + -61.
-25
What is the value of 2 + -5 + -6 + 9 + 3 + -1?
2
What is the value of 5 - (-45 + 5 + 21)?
24
What is (-24 - 42 - -43) + 6 + -1?
-18
Calculate -4 - (-68 + 64 - (3 - -1)).
4
What is the value of (1 - -11) + (-2 - (-6 + 12))?
4
Calculate (-13 - 15) + 18 - -4.
-6
Evaluate 0 + 1 + -32 - (89 + -93).
-27
Calculate 2 + 8 - (14 - (3 - -10)) - -3.
12
Evaluate -12 + (17 - 26) + 0.
-21
What is the value of (-145 - -132) + (0 + -1 - -8) + 17?
11
What is the value of -6 + 8 + (17 - 9 - 0)?
10
Evaluate -8 + -6 + 9 + (-4 - (-6 - 1)).
-2
-50 + 45 + (1 - -17)
13
Calculate (-10 + -6 - 23) + 7 - 6.
-38
What is 0 + -2 + 10 - (8 - 12)?
12
What is 6 + (6 + 0 - (3 + 4 - 8))?
13
Calculate 2 - 0 - (3 - 16 - (3 - 0)).
18
Evaluate 34 + -38 + (3 - 5).
-6
What is ((-14 - -9) + (1 - 5) - -15) + -34?
-28
-12 - -1 - (12 + -15 - (-1 + -6))
-15
Evaluate 8 - ((11 - (-1 + 17)) + 0 + 21).
-8
What is (21 - -10) + (1 - (-4 + (11 - 0)))?
25
15 + (9 - -28) + -73
-21
What is (-5 - (11 - 12 - -10)) + -5?
-19
(12 - 1) + (-18 - -7) + (-22 - -1)
-21
Evaluate -5 + -1 - (-11 + -2 + 9).
-2
What is -1 - -27 - (-10 - (5 + -23))?
18
Evaluate -11 + (10 - (16 + (-9 - -5))).
-13
26 - ((32 + -16 - 19) + -3)
32
Evaluate (-13 - 0) + (-18 - -26) - -5.
0
1 - (-23 + (-8 - -23) + -1 + 1)
9
Evaluate 5 - (27 + (2 - 5)) - (-3 + -1).
-15
Evaluate -25 + 19 + -4 + 16 + 15.
21
What is the value of 8 - ((-10 - (-36 + 20)) + -12 + -2)?
16
-237 + 241 + (1 - 1) + 26 + -3
27
(6 - 9 - -10) + (-8 + 2 - -1)
2
Calculate -31 + (31 - 17) + 6.
-11
-10 - (-2 + 10 + -17)
-1
2 - (6 + -4 + 2) - -7
5
(0 - -4) + 13 - 20
-3
Calculate -10 + -2 + 14 + (-1 - 14).
-13
Calculate 18 + -3 + -8 + -24 + 17.
0
-5 + 1 - (-17 - -28)
-15
Evaluate 27 + (-13 + 12 - -1).
27
Calculate (-17 - -11 - -4) + (-2 - 5).
-9
Calculate (2 - 0) + (-4 + 26 - 22).
2
Calculate -4 + -9 + 14 - -5 - 5.
1
Calculate 5 - (5 + -2 + (-30 - -28)).
4
14 + -11 - -4 - 10 - -12
9
What is the value of -894 + 874 + (1 - -40)?
21
What is (-5 - 28) + 9 - 14?
-38
What is the value of -1 - (-19 - (-21 - -8))?
5
Evaluate (0 - -1) + 0 - (-45 + 26 + 11).
9
-4 + (10 - (-12 + 27))
-9
What is the value of 1314 + -1311 - (3 + -1 - (1 - -35))?
37
What is -13 + (-16 - -3 - (-2 + 16 + -23))?
-17
Evaluate -47 + 48 + (-32 - (-3 + (2 - -1))).
-31
What is the value of (-12 - -10) + 3 + -2 + 6?
5
Calculate (5 - 6) + -5 + 12 - -6.
12
-2 - (6 - (1 + 1 + 1))
-5
What is 7 - (4 - (-6 + 10 + -8))?
-1
What is (-1 - -7) + (-9 - (0 - 4)) + -9?
-8
What is -15 - (6 - (33 - 21))?
-9
What is the value of -3 + (-8 - -11) + -5 + (2 - 1)?
-4
Calculate -2 + (-3 - (2 - -3)) + 1.
-9
Calculate -65 + 69 - (-5 - -11 - 7).
5
What is the value of 2 - (-3 + (-3 - (0 + 1 - 1)))?
8
What is the value of 6 + -5 + 4 - (-10 + 9) - 18?
-12
What is (8 + 2 - (-44 - -33)) + -6?
15
(14 - (11 - -6)) + -2
-5
(14 - 1) + (31 - 36)
8
12 + (1 - 9) + 11 + 0 + 1
16
What is the value of (1 - (11 + -6 + 3)) + 27 + 2?
22
What is 34 + -1 + (-6 - -8 - (6 + 1))?
28
Evaluate (45 - 29 - -4) + -1.
19
Calculate -172 - -190 - (43 + 3 + 2).
-30
What is the value of -3 - (30 + 5 + (-19 - 2))?
-17
Evaluate 19 + (-10 - 8) + 0 + 6.
7
Calculate 6 - (19 + 0) - (-6 - (0 - -2)).
-5
Calculate 1 - (11 - 26) - (0 - -7).
9
7 + -11 + 14 - (1 + -9)
18
Calculate -8 + (-17 + 15 - -2) + -1 + -2.
-11
Calculate -6 + (-2 + -8 - -3).
-13
What is -1 + -8 + (-6 - -17)?
2
What is -14 - (0 - (28 - 37))?
-23
What is the value of -4 - (15 + -8 + -4 + -9) - 23?
-21
Calculate 1 - (-13 + -3 + 6 + 3).
8
Evaluate (3 - (-1 + -6 - (-14 + -4))) + -5.
-13
Evaluate -11 + 64 + -16 + -4.
33
Calculate 31 - (18 + 1) - 3.
9
Evaluate -2 + 6 + -6 + (-8 - (-13 - -8)).
-5
24 + (-20 - -11) - 13 - 8
-6
Evaluate 11 + (-25 - -13) - -6.
5
(2 - -1 - 3 - 9) + -3 + -24
-36
Calculate -5 + (5 - -3) + 0 + -5.
-2
-11 - (6 - (-5 - -19) - -12)
-15
Evaluate 5 + -7 + 9 + -18 - -18.
7
What is -9 - -2 - (-14 - (8 - (0 + 1)))?
14
What is the value of (-4 - -21) + (-5 - 0)?
12
What is 10 - 2 - (156 - 147)?
-1
What is -23 + (-17 - (2 + -13))?
-29
Evaluate 10 + 2 + -3 + -4 + 0 + 1.
6
What is (31 - (-10 - -10)) + (-6 - 5)?
20
3 + (-18 - (3 - (7 - -5)))
-6
What is the value of (5 - (-1 + 1 + 4)) + (17 - 5)?
13
What is the value of -12 + (21 + 7 - -1) - 6?
11
Calculate -1 + -6 - (-4 - (28 + -28)).
-3
Calculate -20 - -5 - (7 - -9 - 3).
-28
Calculate (12 - (-12 + 41)) + 7.
-10
What is 13 - (39 + 0 + -2)?
-24
What is the value of 6 - (8 - -3) - 1?
-6
0 + 1 + (-13 + 46 - 58)
-24
What is the value of 18 + (-47 - -16) + -2 + 9 + -1?
-7
What is 3 - (-1 - -1) - (4 - 0)?
-1
-3 + 1 - -10 - 0
8
Calculate 0 + 1 - 6 - (-14 - (33 - 30)).
12
Calculate -3 - (7 - (-6 - (7 - 7 - -2))).
-18
What is 10 - 6 - (7 - 0) - 6?
-9
What is the value of (23 + -23 - (-1 - -7)) + 3 - 9?
-12
Evaluate (-13 - 1) + 3 - (-5 - (1 - -2)).
-3
(8 + (-4 - -4) - (4 + -4)) + -17
-9
What is the value of 7 + (2 - 15) + 5?
-1
What is the value of -5 + 36 + -16 + -7?
8
Calculate 6 + -3 + 16 + -8.
11
(1 - ((1 - 1) + 0)) + (4918 - 4934)
-15
What is the value of -10 + -1 + (-14 - -35)?
10
4 + (4 - -3) - 3 - 25 - -4
-13
Evaluate -421 + 441 - (2 - 16).
34
Evaluate 3 + 1 - (-11 - -27).
-12
Calculate -6 - ((9 - (0 - 6)) + -7).
-14
What is (-14 - -3) + 10 + (-19 - -22) - -1?
3
What is (3 - -1) + 9 - 17?
-4
Evaluate 6 + -16 + 5 - (-22 - -17).
0
Evaluate (1 - (0 - -8)) + 14.
7
Evaluate (12 + -4 + 4 - 10) + 0.
2
What is (-52 + 33 + 8 + -2 - -9) + 9?
5
What is -4 + (-17 - -15) + -3?
-9
What is -12 + -11 + 37 + -3?
11
Calculate 6 + 0 + (0 - (3 + -8)) + -5.
6
What is (-33 + 12 - (-1 - -1)) + 8?
-13
What is -14 - -6 - (-2 + -5) - 4?
-5
Calculate -186 - -206 - (2 + -1) - (7 + 2).
10
What is (12 - 2 - 12) + 6?
4
Evaluate (14 - (17 + (10 - 14))) + 6.
7
Calculate (32 - (72 + -46)) + 1 + -20.
-13
What is 2 + -2 + 3 + -2 + 12?
13
What is the value of -9 - 5 - (8 + -4 - (10 - -2))?
-6
Evaluate -13 + 1 + -4 + (28 - 9).
3
What is the value of (-47 + 51 - (2 - -3)) + (2 - -13)?
14
-24 + -21 - -3 - -48
6
What is (-26 - -65) + -29 + 11?
21
(-7 - 35) + -34 + 68
-8
What is the value of 22 - (-10 + 16 + 7)?
9
What is the value of 3 - (-1 + (-3 - 4))?
11
-41 - -26 - -13 - (6 + -1)
-7
What is the value of (-13 + 14 - -16) + -26?
-9
What is the value of -6 - (-9 + (-9 - -25 - 9))?
-4
-54 + 56 + (-2 - -1 - 5) + -2
-6
What is the value of 8 + (-20 - -15) + 0 + 3 - 3?
3
What is 18 + (47 - 43 - (-4 + 1))?
25
What is the value of -4 + (2 - -7 - 2) + 8?
11
What is the value of 5 + 2 + (-1 - (-5 + 6)) + -4?
1
7 - -2 - (-4 + 22) - -22
13
Calculate 62 + (-6 - 36) + (-1 + -1 - 1).
17
-1 + -3 - (7 - 28 - -1)
16
What is the value of (9 - (10 + -9)) + -2 + -7?
-1
Calculate 5 + -5 + 0 + 4 + (-1 - -4).
7
Evaluate -2 + 20 + (1 + 6 - (132 + -126)).
19
What is 3 + 1 + -2 - (-16 - (-15 + 3))?
6
-23 + 13 + 3 + (-15 - 3)
-25
Calculate 5 + (0 + (-8 - 1) + -2 - -5).
-1
Evaluate -10 + -16 + 9 + (0 - -51).
34
What is 0 + (-5 - 12 - (-2 + -4))?
-11
Evaluate (8 - (13 + -6)) + -5 + 1.
-3
Evaluate (10 + 7 - 10) + (0 - -1) - 28.
-20
What is -79 - -88 - -17 - (0 - (1 + -1))?
26
What is the value of 31 - (2 - -2 - -7 - 5)?
25
What is (6 - 15) + 33 + (-2 - 5 - 0)?
17
What is the value of 29 + (-2 - 17) + -10?
0
-1 + -6 + (9 - -3) + -2 + 0
3
3 + -2 + (-18 - -26) + -7 + -19
-17
What is -8 - (-7 + 3) - 8?
-12
Calculate -60 + 30 + -4 + 0 + -1.
-35
What is the value of (2 - 16) + 36 + -18 + -13?
-9
36 - 5 - (10 + (-16 - -19))
18
Evaluate -2 + (2 - 4) + (0 - (8 + -1)).
-11
Calculate (-17 - -14) + -12 + 24 + -6.
3
What is the value of 21 + -29 - (4 + -26)?
14
Calculate (10 + 9 - 13) + -4 - -21.
23
Calculate (-10 - -22) + -10 + (-1 + -9 - -5).
-3
Calculate -4 + -13 + -3 + 32.
12
What is the value of (24 - 2) + (-48 - -27)?
1
2 + -13 + (0 - 6 - 5)
-22
What is the value of 4 + -9 + 8 + 9?
12
What is the v